{"id":14,"date":"2023-07-07T19:50:41","date_gmt":"2023-07-07T17:50:41","guid":{"rendered":"https:\/\/projet.elviskonjoh.com\/?page_id=14"},"modified":"2023-07-07T22:45:10","modified_gmt":"2023-07-07T20:45:10","slug":"contact","status":"publish","type":"page","link":"https:\/\/projet.elviskonjoh.com\/index.php\/contact\/","title":{"rendered":"Nous contacter"},"content":{"rendered":"\n<p class=\"has-medium-font-size\">Nous sommes ravis de r\u00e9pondre \u00e0 toutes vos questions et de vous fournir plus d&#8217;informations sur notre plateforme d&#8217;investissement participatif bas\u00e9e sur la blockchain en Afrique. N&#8217;h\u00e9sitez pas \u00e0 nous contacter ci-dessous :<\/p>\n\n\n\n<div class=\"wp-block-group alignfull has-background is-layout-flow\" style=\"background-color:#e5e9ec\"><div class=\"wp-block-group__inner-container\">\n<div class=\"wp-block-columns is-layout-flex wp-container-3\">\n<div class=\"wp-block-column is-vertically-aligned-center is-layout-flow\">\n<h2 class=\"wp-block-heading\"><\/h2>\n\n\n\n<p class=\"justify_text\"><div class=\"wpforms-container wpforms-container-full wpforms-render-modern\" id=\"wpforms-66\"><form id=\"wpforms-form-66\" class=\"wpforms-validate wpforms-form wpforms-ajax-form\" data-formid=\"66\" method=\"post\" enctype=\"multipart\/form-data\" action=\"\/index.php\/wp-json\/wp\/v2\/pages\/14\" data-token=\"c1ad6b98328213185bc2d0afc3480073\"><noscript class=\"wpforms-error-noscript\">Please enable JavaScript in your browser to complete this form.<\/noscript><div class=\"wpforms-hidden\" id=\"wpforms-error-noscript\">Please enable JavaScript in your browser to complete this form.<\/div><div class=\"wpforms-field-container\"><div id=\"wpforms-66-field_0-container\" class=\"wpforms-field wpforms-field-name\" data-field-id=\"0\"><fieldset><legend class=\"wpforms-field-label\">Nom <span class=\"wpforms-required-label\" aria-hidden=\"true\">*<\/span><\/legend><div class=\"wpforms-field-row wpforms-field-medium\"><div class=\"wpforms-field-row-block wpforms-first wpforms-one-half\"><input type=\"text\" id=\"wpforms-66-field_0\" class=\"wpforms-field-name-first wpforms-field-required\" name=\"wpforms[fields][0][first]\" aria-errormessage=\"wpforms-66-field_0-error\" required><label for=\"wpforms-66-field_0\" class=\"wpforms-field-sublabel after \">First<\/label><\/div><div class=\"wpforms-field-row-block wpforms-one-half\"><input type=\"text\" id=\"wpforms-66-field_0-last\" class=\"wpforms-field-name-last wpforms-field-required\" name=\"wpforms[fields][0][last]\" aria-errormessage=\"wpforms-66-field_0-last-error\" required><label for=\"wpforms-66-field_0-last\" class=\"wpforms-field-sublabel after \">Last<\/label><\/div><\/div><\/fieldset><\/div><div id=\"wpforms-66-field_1-container\" class=\"wpforms-field wpforms-field-email\" data-field-id=\"1\"><label class=\"wpforms-field-label\" for=\"wpforms-66-field_1\">E-mail <span class=\"wpforms-required-label\" aria-hidden=\"true\">*<\/span><\/label><input type=\"email\" id=\"wpforms-66-field_1\" class=\"wpforms-field-medium wpforms-field-required\" name=\"wpforms[fields][1]\" spellcheck=\"false\" aria-errormessage=\"wpforms-66-field_1-error\" required><\/div><div id=\"wpforms-66-field_3-container\" class=\"wpforms-field wpforms-field-text\" data-field-id=\"3\"><label class=\"wpforms-field-label\" for=\"wpforms-66-field_3\">T\u00e9l\u00e9phone <span class=\"wpforms-required-label\" aria-hidden=\"true\">*<\/span><\/label><input type=\"text\" id=\"wpforms-66-field_3\" class=\"wpforms-field-medium wpforms-field-required\" name=\"wpforms[fields][3]\" aria-errormessage=\"wpforms-66-field_3-error\" aria-describedby=\"wpforms-66-field_3-description\" required><div id=\"wpforms-66-field_3-description\" class=\"wpforms-field-description\">Avec le code du pays<\/div><\/div><div id=\"wpforms-66-field_2-container\" class=\"wpforms-field wpforms-field-textarea\" data-field-id=\"2\"><label class=\"wpforms-field-label\" for=\"wpforms-66-field_2\">Qu&#039;avez vous besoin de savoir pour nous rejoindre? <span class=\"wpforms-required-label\" aria-hidden=\"true\">*<\/span><\/label><textarea id=\"wpforms-66-field_2\" class=\"wpforms-field-medium wpforms-field-required\" name=\"wpforms[fields][2]\" aria-errormessage=\"wpforms-66-field_2-error\" required><\/textarea><\/div><\/div><!-- .wpforms-field-container --><div class=\"wpforms-submit-container\" ><input type=\"hidden\" name=\"wpforms[id]\" value=\"66\"><input type=\"hidden\" name=\"wpforms[author]\" value=\"1\"><button type=\"submit\" name=\"wpforms[submit]\" id=\"wpforms-submit-66\" class=\"wpforms-submit\" data-alt-text=\"Envoi...\" data-submit-text=\"Envoyer\" aria-live=\"assertive\" value=\"wpforms-submit\">Envoyer<\/button><img src=\"https:\/\/projet.elviskonjoh.com\/wp-content\/plugins\/wpforms-lite\/assets\/images\/submit-spin.svg\" class=\"wpforms-submit-spinner\" style=\"display: none;\" width=\"26\" height=\"26\" alt=\"Loading\"><\/div><\/form><\/div>  <!-- .wpforms-container --><\/p>\n\n\n\n<p><\/p>\n<\/div>\n\n\n\n<div class=\"wp-block-column is-layout-flow\">\n<div style=\"height:48px\" aria-hidden=\"true\" class=\"wp-block-spacer\"><\/div>\n\n\n\n<figure class=\"wp-block-image size-full\"><img decoding=\"async\" loading=\"lazy\" width=\"960\" height=\"960\" src=\"https:\/\/projet.elviskonjoh.com\/wp-content\/uploads\/2023\/07\/Blue-Blockchain-Boxes-thumbnail.jpg\" alt=\"\" class=\"wp-image-76\" srcset=\"https:\/\/projet.elviskonjoh.com\/wp-content\/uploads\/2023\/07\/Blue-Blockchain-Boxes-thumbnail.jpg 960w, https:\/\/projet.elviskonjoh.com\/wp-content\/uploads\/2023\/07\/Blue-Blockchain-Boxes-thumbnail-300x300.jpg 300w, https:\/\/projet.elviskonjoh.com\/wp-content\/uploads\/2023\/07\/Blue-Blockchain-Boxes-thumbnail-150x150.jpg 150w, https:\/\/projet.elviskonjoh.com\/wp-content\/uploads\/2023\/07\/Blue-Blockchain-Boxes-thumbnail-768x768.jpg 768w, https:\/\/projet.elviskonjoh.com\/wp-content\/uploads\/2023\/07\/Blue-Blockchain-Boxes-thumbnail-600x600.jpg 600w, https:\/\/projet.elviskonjoh.com\/wp-content\/uploads\/2023\/07\/Blue-Blockchain-Boxes-thumbnail-800x800.jpg 800w\" sizes=\"(max-width: 960px) 100vw, 960px\" \/><\/figure>\n<\/div>\n<\/div>\n\n\n\n<p><\/p>\n<\/div><\/div>\n\n\n\n<div class=\"wp-block-cover alignfull has-parallax is-position-center-center\" style=\"min-height:375px\"><span aria-hidden=\"true\" class=\"wp-block-cover__background has-black-background-color has-background-dim-40 has-background-dim\"><\/span><div role=\"img\" class=\"wp-block-cover__image-background wp-image-80 has-parallax\" style=\"background-position:50% 50%;background-image:url(https:\/\/projet.elviskonjoh.com\/wp-content\/uploads\/2023\/07\/cultura-da-africa-do-sul-capa.jpg)\"><\/div><div class=\"wp-block-cover__inner-container\">\n<p class=\"has-text-align-center has-text-color has-huge-font-size\" style=\"color:#fffffa;line-height:1.1\"><\/p>\n\n\n\n<p class=\"has-text-align-center has-medium-font-size\">Notre \u00e9quipe d\u00e9vou\u00e9e est l\u00e0 pour vous aider et r\u00e9pondre \u00e0 vos demandes. Nous attendons avec impatience d&#8217;avoir de vos nouvelles et de vous accompagner dans votre parcours d&#8217;investissement.<\/p>\n\n\n\n<p><\/p>\n<\/div><\/div>\n","protected":false},"excerpt":{"rendered":"<p>Nous sommes ravis de r\u00e9pondre \u00e0 toutes vos questions et de vous fournir plus d&#8217;informations sur notre plateforme d&#8217;investissement participatif bas\u00e9e sur la blockchain en Afrique. N&#8217;h\u00e9sitez pas \u00e0 nous contacter ci-dessous :<\/p>\n","protected":false},"author":1,"featured_media":0,"parent":0,"menu_order":0,"comment_status":"closed","ping_status":"closed","template":"","meta":{"content-type":""},"featured_media_urls":[],"_links":{"self":[{"href":"https:\/\/projet.elviskonjoh.com\/index.php\/wp-json\/wp\/v2\/pages\/14"}],"collection":[{"href":"https:\/\/projet.elviskonjoh.com\/index.php\/wp-json\/wp\/v2\/pages"}],"about":[{"href":"https:\/\/projet.elviskonjoh.com\/index.php\/wp-json\/wp\/v2\/types\/page"}],"author":[{"embeddable":true,"href":"https:\/\/projet.elviskonjoh.com\/index.php\/wp-json\/wp\/v2\/users\/1"}],"replies":[{"embeddable":true,"href":"https:\/\/projet.elviskonjoh.com\/index.php\/wp-json\/wp\/v2\/comments?post=14"}],"version-history":[{"count":5,"href":"https:\/\/projet.elviskonjoh.com\/index.php\/wp-json\/wp\/v2\/pages\/14\/revisions"}],"predecessor-version":[{"id":82,"href":"https:\/\/projet.elviskonjoh.com\/index.php\/wp-json\/wp\/v2\/pages\/14\/revisions\/82"}],"wp:attachment":[{"href":"https:\/\/projet.elviskonjoh.com\/index.php\/wp-json\/wp\/v2\/media?parent=14"}],"curies":[{"name":"wp","href":"https:\/\/api.w.org\/{rel}","templated":true}]}}